e c = 5*c - 172. What is the tens digit of c?
4
Let o be (-62)/10 - (-1)/5. Let p = o - -18. What is the tens digit of p?
1
Let x = -10 - -44. What is the units digit of x?
4
Let b = 8 - -2. What is the tens digit of b?
1
Suppose -f - 4*f = -a + 23, 0 = a + f - 5. Let b(z) = -z**3 + 8*z**2 + 8. What is the units digit of b(a)?
8
Let c be 3306/(-30) - (-1)/5. Let d = -59 - c. What is the tens digit of d?
5
What is the hundreds digit of (-24)/(-15)*390/4?
1
Let i = 165 - -111. What is the units digit of i?
6
Let c(l) = 26*l**2 + 3*l + 9. What is the units digit of c(-3)?
4
Let h(q) = q**2 - 4*q + 2. Let y = -48 - -74. Suppose 5*p + 3*m - y = 0, 0*p + 14 = 2*p + 3*m. What is the units digit of h(p)?
2
Let b(d) = -d + 29. What is the tens digit of b(-7)?
3
Let q(n) = -3*n**3 + n - 2. What is the tens digit of q(-4)?
8
Let p(b) = -5 + 12 + 9*b + 10*b - 3*b. Let v(c) = -4*c - 2. Let w(g) = 6*p(g) + 22*v(g). What is the units digit of w(2)?
4
Let j(f) be the third derivative of -f**6/120 + f**5/10 + 3*f**4/8 + 4*f**3/3 + 2*f**2. What is the tens digit of j(7)?
2
Let t(a) = a**3 - 5*a**2 + 8*a - 3. Let l be t(5). Let u = l - 23. Let j = u - 8. What is the units digit of j?
6
Let t(s) = 3*s**2 + 4*s + 14 + 6*s**2 + 4*s**3 - 5*s**3 + 7*s. What is the tens digit of t(10)?
2
Let w(x) = -9*x. Let z be w(1). Let j be (-6 - 10)*(-3)/3. Let g = z + j. What is the units digit of g?
7
Let n = -14 - -31. Let b be 2/(-9) + 6/27. Let k = n - b. What is the units digit of k?
7
Suppose -2*f - 6 = -f. Let s(r) = 10*r**2 - 2*r - 1. Let b be s(-1). Let k = f + b. What is the units digit of k?
5
What is the units digit of (-200)/75*(-42)/(-4)*-3?
4
Let x be ((-244)/6)/(6/(-9)). Suppose -x = -5*f + 89. What is the tens digit of f?
3
Suppose 0 = 5*h - 12 + 82. What is the units digit of 93/21 - (-6)/h?
4
Let x be 0 + 0/(-2 + 1). Let w be (-1)/(-1) - (-6)/2. Let a = x + w. What is the units digit of a?
4
Suppose 0 = 10*w - 14*w + 52. What is the tens digit of w?
1
Let m = -7 + 5. Let n(l) = 2*l**2 + 3*l + 1. What is the units digit of n(m)?
3
Let h be (-5)/(-7) - 2/(-7). Let a(m) = -15*m + 1. Let w be a(h). Let o = w - -21. What is the units digit of o?
7
Suppose 8 = 4*m - 3*h, 12 = -3*m - 3*h + 39. Suppose m*k - 17 = 118. What is the units digit of k?
7
What is the tens digit of ((-52)/(-6))/((-12)/(-18))?
1
Suppose -2*k + 0*k = -116. Let t = -38 + k. What is the units digit of 404/t - (-2)/(-10)?
0
Suppose 5*m - m + 156 = 0. Let s = 10 - m. What is the tens digit of s?
4
Let q be 2 + -5 + 8/1. Suppose 5*x - q = 15. What is the units digit of x?
4
Suppose -9*y + 4*y = -150. What is the units digit of y?
0
What is the tens digit of 200 + 6 + 0 + 6/(-2)?
0
Let v(h) = -14*h**3 + 2*h + 1. What is the units digit of v(-1)?
3
Suppose 4 = -u + 3*u. Suppose -u*j + 14 = -c + 3*c, -5*c + 31 = 3*j. What is the units digit of j?
2
Let p(r) = 2 + r + 1 - 5*r**2 - r**3 - 7. Let y be p(-5). Let w = 21 + y. What is the tens digit of w?
1
Suppose 3*p - 3*m = -2*p + 44, -p + 4*m = -19. Suppose -p*h + 3*h + 32 = 0. What is the units digit of h?
8
Let l = 38 - 23. Suppose 7*h - 3*h = 12. Suppose 0*k = 5*x + k - 33, -l = -h*x - 3*k. What is the units digit of x?
7
Suppose 5*r = 5 + 10. Suppose -r*j + 26 = -5*c, 38 = 3*j - c + 2*c. What is the tens digit of j?
1
Suppose -82 = 2*i - 548. What is the tens digit of i?
3
Let i = -1 + 3. Let m be i/(-8) - 33/12. What is the units digit of m - (-17 + -1 - -3)?
2
Suppose 3*a = -a + 76. What is the tens digit of a?
1
Suppose -8*l + 6*l + 8 = 0. What is the tens digit of 4*l - (2 - 2)?
1
Let w be ((-39)/9 + 4)*-201. Suppose a - 5 = -5*f + 14, 3*f = 5*a - w. What is the tens digit of a?
1
Let n be ((-8)/10)/((-2)/10). Suppose -10 = -n*x - 2. Suppose 3*l - 1 = x. What is the units digit of l?
1
Suppose 4*y - 4*z = 116, 7*z + 25 = 2*z. What is the tens digit of y?
2
Let u(x) = x**2 - 7*x + 7. Let v be u(6). Suppose 0 = z - 3 - v. Suppose z*j - 12 = 2*j. What is the units digit of j?
6
Suppose 0 = -4*c + 2*c. Suppose -8 = b - 3*b - 4*a, c = 4*b - a - 16. Suppose -b*o = -j - 14, -8 = -3*j - 2. What is the units digit of o?
4
Let q(u) = 5*u - 6*u + 2 + 0. Suppose 4*i + 4 = 5*n + 2, -4*i - 3*n - 18 = 0. What is the units digit of q(i)?
5
Let f be 44/2*6/(-12). Let a = f + 18. Let b = 5 + a. What is the units digit of b?
2
Let v be (3 + -5 - -3) + -1. Let w be 4/(-18) - (-20)/9. Suppose v*r + 6 = w*r. What is the units digit of r?
3
Suppose 2*z = -3*p + 2, z + 12 = 5*p - 0*p. Let f(u) = -8 + u**3 - 8*u**2 + p*u**2 + 11. What is the units digit of f(6)?
3
Let x = -18 - -40. Suppose 25*o - x*o = 96. What is the units digit of o?
2
Suppose 0 = -2*n + n + 2. Let b be ((-4)/(-2))/(n/(-17)). What is the units digit of (b + -1)*(-2)/3?
2
Suppose -21 = -5*u - 2*z, z + 10 = 3*u - 7. Suppose -u*q + 1 = -4. What is the units digit of q?
1
Let b be 7/(-2) + 3/(-6). What is the tens digit of (-4)/(-1 - b/6)?
1
Let i(x) = -x**3 + 5*x**2 - 3*x + 1. Let n be i(4). Suppose n*c + 3*g = 115 - 16, -78 = -4*c - 3*g. What is the tens digit of c?
2
Let m = 22 - -31. What is the tens digit of m?
5
Let t be 101/11 - 4/22. Suppose -61 = -3*f + 2*n, -f - n + 8 = -t. Let x = f - 12. What is the units digit of x?
7
Let n(k) = k**3 - 3*k**2 - 3*k + 2. Let q be n(4). Let j be (-6)/(-4) + 123/q. Let r = j + -12. What is the units digit of r?
0
Let w = -83 + 187. What is the hundreds digit of w?
1
Suppose 3*b = f + 2, -5*f = -b - 14 - 4. Let a be 260/(-45) + f/(-18). Let r = 10 - a. What is the units digit of r?
6
Let b(w) = -2*w**3 - 5*w**2 - 3*w. Let y be b(-4). Suppose p = 3*p - y. What is the units digit of p?
0
Suppose 5 = -5*m - 3*s + 1, 0 = 5*m - 5*s - 20. Suppose 5 + m = j. What is the units digit of j?
6
Suppose -4*z = -11 - 13. What is the tens digit of z + -3 + 39 + -1?
4
Suppose -3*d + 73 - 22 = 0. What is the tens digit of d?
1
Suppose -2*h - 3*h = 0. Suppose 4*q = -3*t + 61, 0 = q - 3*t - h*t - 4. What is the units digit of q?
3
Let m = 6 - 2. Let b(y) = y**3 - 4*y**2 - y + 5. What is the units digit of b(m)?
1
Let l(u) = 16*u**2 - 4. What is the units digit of l(2)?
0
Let d(a) = -9*a**3 - a**2 - 3*a - 3. What is the units digit of d(-2)?
1
Let t be ((-12)/7)/((-2)/(-28)). Let d be t/(-10) - (-12)/20. Suppose -2*a - d*g - g = -48, 53 = 2*a + 5*g. What is the tens digit of a?
1
Let b be ((-2)/(-1 - 1))/1. Let f(k) = k**2 + 7 + b - 6*k - 5. What is the units digit of f(6)?
3
Suppose 5*n - n = -2*y + 58, 91 = 3*y + 2*n. What is the tens digit of y?
3
Suppose 0 = -4*y - 49 - 23. Suppose -4*k + 85 + 115 = 0. What is the units digit of (-2)/(-9) - k/y?
3
Suppose 3*n - 252 + 12 = 0. What is the units digit of n?
0
Suppose h = -2*h + 126. Suppose o + 2*s = h, -4*o - 4*s - 39 = -227. What is the units digit of o?
2
Let o be (1*-3)/(1/(-2)). Let d(t) = -t - 4*t - 3 + 7*t. What is the units digit of d(o)?
9
Suppose 42 = 2*k - 2*m, -18 - 53 = -3*k + 5*m. Let a = 9 + -19. Let g = a + k. What is the units digit of g?
7
Suppose -11 = -3*d - 2. Suppose d*j = 18 + 9. What is the units digit of j?
9
Suppose -30 = -a + 6*a. Let j = -3 - a. Suppose -j = 3*q - 60. What is the tens digit of q?
1
Let c = -23 - -33. Let r = 13 - c. Suppose 2*b = 5 + r, -g + 6 = -2*b. What is the units digit of g?
4
Let x(z) = z**3 + 6*z**2 + 3*z - 8. Let y be x(-7). What is the units digit of y/(-4)*(13 + -11)?
9
Suppose -5*r + 2*r = -66. Let y = r + -9. What is the tens digit of y?
1
Suppose 2*w + 12 = 4*w + 4*d, -2*w + 10 = 3*d. Suppose 0*s = -s + w, 4*r - 4*s - 20 = 0. What is the units digit of r?
7
Let i(n) = n**2 + 7*n - 2. What is the units digit of i(-11)?
2
What is the tens digit of 1746/45 - (-1)/5?
3
Suppose 0*u + 6 = 3*u. Suppose -47 = -5*o + 3*h, -5*o + u*h = -16 - 32. What is the tens digit of o?
1
Let r = 248 + -170. What is the units digit of r?
8
Suppose 4*m - h - 997 = -4*h, -2*m - h + 501 = 0. What is the units digit of m?
3
Let z = 13 - 9. Suppose -4*o + 4*k = 2*k - 2, z*k + 4 = -3*o. Suppose -2*q + 1 = 5*j, o = q + 3*j - 0*j. What is the units digit of q?
3
Let l(x) = 3*x**2 - 10*x + 13. What is the tens digit of l(9)?
6
Suppose -z - 3*k = 23, -4*z - 2*k - 59 = -17. Let y(h) = h**3 + 7*h**2 - 9*h - 3. What is the units digit of y(z)?
5
Let c be 3 - (6 - 3) - -2. Suppose -2*g + 3 = g, 5*u - 32 